base 12, what is -6b229 - -19?
-6b210
In base 11, what is -2862 + -20?
-2882
In base 3, what is 100 + -1201022121?
-1201022021
In base 11, what is -163871 + 0?
-163871
In base 2, what is -10 + 101110111100001000?
101110111100000110
In base 15, what is 6 - -e268?
e26e
In base 6, what is 4132240 + 1?
4132241
In base 7, what is 22 + -16443?
-16421
In base 15, what is -5 + -629ee?
-62a04
In base 5, what is 201312313 - 0?
201312313
In base 6, what is 4 + -1010532?
-1010524
In base 13, what is -5 - -8c9c0?
8c9b8
In base 2, what is -101 - -11111101011011010?
11111101011010101
In base 8, what is -4 - 4057514?
-4057520
In base 2, what is 100000 - 10011001110000?
-10011001010000
In base 10, what is -4 - 59669?
-59673
In base 9, what is 21432 + -24?
21407
In base 7, what is 230014 - -1?
230015
In base 11, what is -7 + 252?
246
In base 13, what is -18 + 1c18?
1c00
In base 14, what is 2 + 7d835?
7d837
In base 3, what is -100212210120 + 2?
-100212210111
In base 14, what is -742 + -4c?
-790
In base 5, what is -123203 - 101?
-123304
In base 12, what is -24 - -7?
-19
In base 3, what is -10 - 1112202001211?
-1112202001221
In base 13, what is -386a + -6?
-3873
In base 7, what is -216 + -101?
-320
In base 5, what is 2 + 101024?
101031
In base 10, what is 431706 - -4?
431710
In base 2, what is -100110010110 + 0?
-100110010110
In base 8, what is -127257 + 32?
-127225
In base 2, what is -101110110000111101010 - 10?
-101110110000111101100
In base 8, what is -321305 - 4?
-321311
In base 7, what is -414105 - -15?
-414060
In base 6, what is 3 - 355?
-352
In base 4, what is 200023102 + -23?
200023013
In base 9, what is -1437560 - -2?
-1437557
In base 6, what is -22 + 44214?
44152
In base 11, what is 182 + -123?
5a
In base 12, what is 902 - 159?
765
In base 9, what is -602155 + -7?
-602163
In base 12, what is 5 + -5656?
-5651
In base 12, what is 587 + -22?
565
In base 12, what is -3 - -1726a?
17267
In base 16, what is -52fcf - 5?
-52fd4
In base 15, what is -6 + 518?
512
In base 13, what is -7b05 - -72?
-7a63
In base 16, what is 4 + -68814?
-68810
In base 12, what is -b58 + 6a?
-aaa
In base 6, what is 4 + 10205?
10213
In base 9, what is 2333 + 12?
2345
In base 8, what is 12 + -22741?
-22727
In base 2, what is 110100001101 + -111010?
110011010011
In base 7, what is 30 + 3420?
3450
In base 13, what is 81c + 88?
8a7
In base 9, what is 42 - 240?
-187
In base 2, what is -1 - 10100110111110001?
-10100110111110010
In base 2, what is 11001 - -1010110111000?
1010111010001
In base 13, what is -ac6 - 7a?
-b73
In base 10, what is 3 + -164497?
-164494
In base 7, what is 614323 - -4?
614330
In base 6, what is -404202545 - -3?
-404202542
In base 3, what is -10222021122102 + -2?
-10222021122111
In base 14, what is 5d1 - -2?
5d3
In base 4, what is -312213 - -3?
-312210
In base 9, what is -68347 - 2?
-68350
In base 2, what is 11 - -10101011010011101110?
10101011010011110001
In base 8, what is 12 + 3512?
3524
In base 13, what is -1 + -5774?
-5775
In base 12, what is 5608 - -3?
560b
In base 8, what is -247145 + -1?
-247146
In base 13, what is -20b33 + -2?
-20b35
In base 16, what is a74 - 3d?
a37
In base 14, what is -3c9 + -47?
-432
In base 16, what is -dfa + 6?
-df4
In base 5, what is -22 + 1421020?
1420443
In base 11, what is 5 + -19801?
-197a7
In base 6, what is -1 + 511540?
511535
In base 4, what is -100331000 + 12?
-100330322
In base 8, what is 3004324 + 0?
3004324
In base 4, what is 11 + -2130202?
-2130131
In base 9, what is 176 - -18032?
18218
In base 3, what is 2 - -221122111?
221122120
In base 3, what is 121222 + 1212?
200211
In base 4, what is 33 - 10231?
-10132
In base 3, what is -10122121110122 - 11?
-10122121110210
In base 12, what is 2 + 5190a?
51910
In base 5, what is -101 + -2042044?
-2042200
In base 7, what is 20 - 2365?
-2345
In base 2, what is -1010 + -100111101101100?
-100111101110110
In base 15, what is -7 - -270ed?
270e6
In base 6, what is 5204 + -103?
5101
In base 13, what is b9 + -700?
-614
In base 12, what is 42a869 + 6?
42a873
In base 14, what is -4 - -7125?
7121
In base 13, what is -960 - 6?
-966
In base 8, what is 241 - 2517?
-2256
In base 7, what is 13 + -110224?
-110211
In base 10, what is -3 - -19842?
19839
In base 11, what is 50 - -18078?
18118
In base 9, what is -5 + 178135?
178130
In base 9, what is 38601 - -16?
38617
In base 6, what is 34 - 143040?
-143002
In base 9, what is -11233 - 5?
-11238
In base 13, what is -595a + 13?
-5947
In base 16, what is -305 + f5?
-210
In base 9, what is -566622 + 5?
-566616
In base 2, what is -1000000 - -100101101001011?
100101100001011
In base 16, what is -13eb - -64?
-1387
In base 7, what is -1123 + 1054?
-36
In base 5, what is 10 - 1411124?
-1411114
In base 5, what is -10402 + -333?
-11240
In base 7, what is -30065 + -61?
-30156
In base 6, what is -3305 - -314?
-2551
In base 7, what is 33560 + -14?
33543
In base 15, what is 2d4d - ae?
2c8e
In base 5, what is 11032024 + 1?
11032030
In base 10, what is -228622 + -3?
-228625
In base 4, what is 123 + -23003300?
-23003111
In base 13, what is -2056 + -110?
-2166
In base 5, what is -433202 - -2?
-433200
In base 10, what is -22 + -124245?
-124267
In base 7, what is -4 - -320440?
320433
In base 7, what is 34265 + -140?
34125
In base 3, what is -212202 - -20012201?
12022222
In base 16, what is -7eee - 3a?
-7f28
In base 11, what is 47 + 17274?
17310
In base 8, what is 221724 - 1?
221723
In base 9, what is -17 + 5501?
5473
In base 2, what is -10 + 10011111110100?
10011111110010
In base 14, what is -4435a + -6?
-44362
In base 6, what is 2 - -432103?
432105
In base 12, what is -4 - 37650?
-37654
In base 12, what is -15 + -3076?
-308b
In base 2, what is -1000010100001 - 1101001100?
-1001111101101
In base 2, what is -1010110010101 - -101001001?
-1010001001100
In base 2, what is 100010001000010010 + 11?
100010001000010101
In base 7, what is -132 + -133036?
-133201
In base 10, what is -91 - -52?
-39
In base 13, what is -14c - -285?
136
In base 5, what is -104104111 + -2?
-104104113
In base 9, what is 1403 - -20?
1423
In base 14, what is 27 - 4cd4?
-4cab
In base 15, what is -887bc - 5?
-887c2
In base 8, what is -462 + -621?
-1303
In base 7, what is 0 - 152361?
-152361
In base 6, what is 2103430 - -5?
2103435
In base 11, what is 4 + 20898?
208a1
In base 8, what is 6127 + -12?
6115
In base 5, what is -1 + -1044442?
-1044443
In base 11, what is 183992 + -4?
183989
In base 15, what is -4 + -6981?
-6985
In base 4, what is 31303 - 230?
31013
In base 4, what is 130331032 - 11?
130331021
In base 2, what is -1010011011011000111 + 100?
-1010011011011000011
In base 11, what is -3 + -9262a?
-92632
In base 16, what is 17f68 - c?
17f5c
In base 3, what is -22 + 22021?
21222
In base 14, what is -25 + 15ad?
1588
In base 5, what is 201004331 - -2?
201004333
In base 8, what is -22424 + 0?
-22424
In base 6, what is 2 + -101003?
-101001
In base 16, what is 14b - -cc?
217
In base 3, what is -10 + -222022212211?
-222022212221
In base 7, what is 560 - 212?
345
In base 11, what is 92247 - 5?
92242
In base 4, what is 30 - -121002?
121032
In base 7, what is 5 - 1022524?
-1022516
In base 6, what is 554331 - 0?
554331
In base 12, what is -3 - -56b0?
56a9
In base 4, what is 3030 - 113?
2311
In base 5, what is -100100 - -2141?
-42404
In base 3, what is -111222020112 - 1?
-111222020120
In base 7, what is 16433 - 32?
16401
In base 4, what is 123 + -1030002?
-1023213
In base 3, what is -1000001010 + 110?
-1000000200
In base 5, what is 1 + -22430342?
-22430341
In base 14, what is -82341 - -1?
-82340
In base 16, what is -5 + e9fa?
e9f5
In base 5, what is -24423 + -333?
-30311
In base 6, what is 1155 + -3310?
-2111
In base 16, what is -a7df + c4?
-a71b
In base 3, what is -20 - -201211212221?
201211212201
In base 14, what is -60 - -51?
-d
In base 16, what is -104eeb - 4?
-104eef
In base 5, what is -14221 - 4320?
-24041
In base 11, what is 22 - 431a?
-42a8
In base 5, what is -20 + 32003?
31433
In base 2, what is 1011 + -100111101?
-100110010
In base 2, what is 101111100010101011 + 100?
101111100010101111
In base 14, what is -31 + 20?
-11
In base 13, what is -1 + -ca80?
-ca81
In base 2, what is -10 + -1010000001011101100?
-1010000001011101110
In base 3, what is -1 - -212011?
212010
In base 2, what is 10111 + -1000110011?
-10000